Calculate the remainder when 253034 is divided by 75.
59
What is the remainder when 8232 is divided by 2006?
208
Calculate the remainder when 1100 is divided by 53.
40
What is the remainder when 47344 is divided by 88?
0
What is the remainder when 631195 is divided by 56?
19
Calculate the remainder when 8787 is divided by 22.
9
What is the remainder when 360872 is divided by 360872?
0
Calculate the remainder when 8373 is divided by 8360.
13
What is the remainder when 8250 is divided by 85?
5
Calculate the remainder when 1117138 is divided by 171.
166
What is the remainder when 80094 is divided by 679?
651
What is the remainder when 1278 is divided by 335?
273
Calculate the remainder when 1098 is divided by 394.
310
Calculate the remainder when 29408 is divided by 14684.
40
What is the remainder when 2360 is divided by 197?
193
What is the remainder when 84165 is divided by 72?
69
What is the remainder when 21852 is divided by 98?
96
What is the remainder when 8437 is divided by 14?
9
What is the remainder when 24160 is divided by 967?
952
Calculate the remainder when 3389 is divided by 417.
53
What is the remainder when 182837 is divided by 186?
185
What is the remainder when 6698 is divided by 835?
18
What is the remainder when 438659 is divided by 2321?
2311
What is the remainder when 315732 is divided by 54?
48
Calculate the remainder when 454911 is divided by 18.
15
Calculate the remainder when 45280 is divided by 152.
136
What is the remainder when 86424 is divided by 33?
30
What is the remainder when 2264 is divided by 2?
0
What is the remainder when 2263 is divided by 81?
76
What is the remainder when 3452352 is divided by 103?
101
What is the remainder when 1315 is divided by 575?
165
What is the remainder when 1886 is divided by 1167?
719
Calculate the remainder when 403537 is divided by 7206.
1
Calculate the remainder when 39309 is divided by 1972.
1841
What is the remainder when 584045 is divided by 205?
0
Calculate the remainder when 338175 is divided by 13.
6
What is the remainder when 4211 is divided by 1415?
1381
What is the remainder when 15080 is divided by 20?
0
Calculate the remainder when 590652 is divided by 118126.
22
Calculate the remainder when 3310 is divided by 225.
160
What is the remainder when 57037 is divided by 19?
18
What is the remainder when 236413 is divided by 64?
61
What is the remainder when 2653 is divided by 806?
235
What is the remainder when 105297 is divided by 585?
582
What is the remainder when 935742 is divided by 254?
6
What is the remainder when 288866 is divided by 86?
78
Calculate the remainder when 435522 is divided by 217755.
12
What is the remainder when 50726 is divided by 148?
110
Calculate the remainder when 221328 is divided by 627.
624
What is the remainder when 147116 is divided by 212?
200
What is the remainder when 1418 is divided by 89?
83
What is the remainder when 2958 is divided by 169?
85
What is the remainder when 4514 is divided by 433?
184
What is the remainder when 226565 is divided by 123?
122
What is the remainder when 53416 is divided by 166?
130
What is the remainder when 384458 is divided by 573?
548
What is the remainder when 26045 is divided by 5206?
15
What is the remainder when 605 is divided by 320?
285
Calculate the remainder when 298138 is divided by 443.
442
What is the remainder when 247756 is divided by 102?
100
Calculate the remainder when 30970 is divided by 2212.
2
Calculate the remainder when 2016718 is divided by 61.
58
What is the remainder when 31577 is divided by 261?
257
Calculate the remainder when 54122 is divided by 18.
14
Calculate the remainder when 20142 is divided by 517.
496
What is the remainder when 3638 is divided by 319?
129
Calculate the remainder when 182373 is divided by 673.
663
What is the remainder when 1269 is divided by 29?
22
Calculate the remainder when 205279 is divided by 12.
7
What is the remainder when 522 is divided by 237?
48
What is the remainder when 8967 is divided by 331?
30
What is the remainder when 72264 is divided by 406?
402
Calculate the remainder when 1286876 is divided by 643426.
24
What is the remainder when 795054 is divided by 1264?
1262
Calculate the remainder when 391 is divided by 307.
84
Calculate the remainder when 207489 is divided by 145.
139
What is the remainder when 26360 is divided by 7?
5
Calculate the remainder when 148711 is divided by 59.
31
Calculate the remainder when 596287 is divided by 223.
208
What is the remainder when 869061 is divided by 154?
39
What is the remainder when 9306 is divided by 3026?
228
What is the remainder when 23206 is divided by 2578?
4
What is the remainder when 12483 is divided by 4143?
54
Calculate the remainder when 18220 is divided by 37.
16
Calculate the remainder when 15839 is divided by 15831.
8
Calculate the remainder when 1249 is divided by 356.
181
Calculate the remainder when 1328 is divided by 598.
132
What is the remainder when 13069 is divided by 32?
13
Calculate the remainder when 540411 is divided by 73.
65
Calculate the remainder when 83213 is divided by 201.
200
What is the remainder when 22913 is divided by 76?
37
Calculate the remainder when 1473 is divided by 494.
485
What is the remainder when 1633100 is divided by 88?
84
What is the remainder when 110570 is divided by 248?
210
Calculate the remainder when 7185 is divided by 248.
241
Calculate the remainder when 490780 is divided by 41.
10
What is the remainder when 69522 is divided by 75?
72
What is the remainder when 133678 is divided by 557?
555
Calculate the remainder when 6016 is divided by 246.
112
What is the remainder when 1361 is divided by 502?
357
What is the remainder when 11204 is divided by 1867?
2
Calculate the remainder when 1991 is divided by 658.
17
Calculate the remainder when 8953 is divided by 196.
133
Calculate the remainder when 174037 is divided by 184.
157
What is the remainder when 151799 is divided by 60?
59
What is the remainder when 2401 is divided by 778?
67
Calculate the remainder when 24950 is divided by 68.
62
What is the remainder when 5074 is divided by 1544?
442
Calculate the remainder when 7279 is divided by 753.
502
Calculate the remainder when 9148 is divided by 18.
4
What is the remainder when 107982 is divided by 56?
14
Calculate the remainder when 209056 is divided by 19.
18
Calculate the remainder when 100468 is divided by 3864.
4
Calculate the remainder when 118236 is divided by 32.
28
What is the remainder when 695 is divided by 295?
105
What is the remainder when 17606 is divided by 734?
724
Calculate the remainder when 1780596 is divided by 38.
30
What is the remainder when 23265 is divided by 338?
281
Calculate the remainder when 10186 is divided by 60.
46
What is the remainder when 31533 is divided by 105?
33
What is the remainder when 107513 is divided by 6719?
9
What is the remainder when 58501 is divided by 294?
289
What is the remainder when 348 is divided by 128?
92
What is the remainder when 214 is divided by 144?
70
Calculate the remainder when 57326 is divided by 441.
437
What is the remainder when 21566 is divided by 232?
222
What is the remainder when 4836 is divided by 252?
48
Calculate the remainder when 30246 is divided by 9.
6
Calculate the remainder when 18102 is divided by 2561.
175
What is the remainder when 248 is divided by 73?
29
Calculate the remainder when 5068 is divided by 5044.
24
Calculate the remainder when 10369 is divided by 43.
6
Calculate the remainder when 2089 is divided by 2078.
11
What is the remainder when 10085 is divided by 334?
65
What is the remainder when 13945 is divided by 63?
22
What is the remainder when 6147 is divided by 752?
131
Calculate the remainder when 91608 is divided by 409.
401
What is the remainder when 9397 is divided by 193?
133
Calculate the remainder when 137608 is divided by 6.
4
What is the remainder when 40422 is divided by 10090?
62
Calculate the remainder when 412829 is divided by 297.
296
Calculate the remainder when 673 is divided by 587.
86
Calculate the remainder when 7675 is divided by 83.
39
What is the remainder when 1642 is divided by 402?
34
Calculate the remainder when 15386 is divided by 1010.
236
What is the remainder when 786971 is divided by 319?
317
Calculate the